- 18*n**3 + 12*n**3 - 9*n**2. What is the units digit of h(9)?
6
Let d be -2*(15/(-2) + (-1 - 1)). Let q = d - 21. What is the tens digit of -3*(-2)/(-15)*q*50?
4
Suppose 2*d + 115 = 4*h - h, d + 47 = -2*h. Let l = d + 18. Let q = -19 - l. What is the units digit of q?
6
Let c(d) = -d**3 + 21*d**2 + 3*d - 27. Suppose 0 = -17*s + 19*s - 2*f - 4, -4*s + 2*f + 18 = 0. What is the tens digit of c(s)?
8
Let r(s) = -457*s - 1956. What is the hundreds digit of r(-35)?
0
What is the ten thousands digit of ((1424 + -4)*1188/144)/(3/4)?
1
What is the units digit of (-132 - -92648)*((-4)/6 + 14/12)?
8
Let r = 31474 - -24152. What is the thousands digit of r?
5
Let k(q) = -q**3 - 2*q + 5. Let i be (-1)/(-4) - 11/(132/63). Let o be k(i). What is the tens digit of 72/(-5)*o/(-42)?
4
Let j = -16 - -18. Let a(k) = -3 + 2 + 2*k**2 + 2*k**2 - k**j - 3*k. What is the units digit of a(-3)?
5
Let v be 3 + -4 + 2 + -9 + 8. Let u(q) = -8*q + 818. What is the tens digit of u(v)?
1
Let g(o) = 1902*o - 2513. What is the tens digit of g(15)?
1
Let b(s) = -44*s + 13. Let x be b(4). Let l = x - -268. What is the tens digit of l?
0
Let o(h) = -2*h**3 - 11*h**2 - 55*h - 91. What is the units digit of o(-11)?
5
Let u be -2 + 0*(-6)/(-18) + 4. Suppose u*x - 2507 = -3*c, -2*c + 1595 = 2*x - 917. What is the tens digit of x?
6
Let u(i) = -3*i**3 - 5*i**2 - 2*i - 1. Let c(k) = -k**3 - 4*k**2 + 13*k + 9. Let t be c(-6). Suppose 5*y - t = -18. What is the units digit of u(y)?
1
Let c = 132 + -63. Let t be (-3)/(-24)*(-6 - (10 + -16)). Suppose b - 5*s - 34 - c = 0, 4*b + 2*s - 302 = t. What is the units digit of b?
8
Let v = 99581 + -57972. What is the tens digit of v?
0
Suppose 13 = 4*s + 1. Suppose 0 = 3*v + s*t + 12, -v + 2*t = 3 + 10. Let z(c) = -11*c + 10. What is the units digit of z(v)?
7
Suppose -5*q + 45110 = -7*o + 2*o, 45094 = 5*q + 3*o. Suppose -2065 = 5*a - q. What is the hundreds digit of a?
3
Suppose -15*z - 10665 = -18*z + 3*u, 4*z + 4*u - 14228 = 0. What is the units digit of z?
6
Let y(c) = 145*c**2 + 9*c - 10. Let u = -248 - -249. What is the units digit of y(u)?
4
Let n be ((-147)/(-28))/((-1)/(-16)). Let q = n - 78. Suppose -3*w = -q*w + 285. What is the units digit of w?
5
Suppose -x - z - 338 = 0, -3*z + 1352 = -838*x + 834*x. Suppose 4*c + 1593 = c. Let h = x - c. What is the hundreds digit of h?
1
Let g = -58793 - -84275. What is the ten thousands digit of g?
2
Let t(y) = -y**3 + 4*y**2 + 6*y + 7. Let g be t(6). Suppose -5*l - 409 = 6. Let w = g - l. What is the units digit of w?
4
Let z be ((-44)/(-66))/(2/57). Suppose 0 = 7*m - z*m + 9408. What is the hundreds digit of m?
7
Let q = -330 + 175. What is the tens digit of (q/5*(2 - -44))/(-2)?
1
Let t(n) = n**3 + 16*n**2 + 18*n + 12. Let f be t(-15). Let c = -33 - f. Suppose c = -5*u + 2 + 38. What is the units digit of u?
8
Let h be 0 + 30/(-1 - -3). Suppose 1154 = h*q - 871. What is the tens digit of q?
3
Suppose -51*q - 145 = -46*q. Let b = -15 - q. Let i = b - -48. What is the tens digit of i?
6
Suppose -867 + 345 = 6*b. Let y = b - -95. Let w(i) = 8*i + 39. What is the units digit of w(y)?
3
What is the units digit of -5557*(11 + -3 + -9)?
7
Suppose -5*u - 3*z + 8*z = -137530, 3*u + z - 82526 = 0. What is the tens digit of u?
0
Let i(g) = 27*g**2 - 197*g + 128. What is the thousands digit of i(21)?
7
Let s(c) = -c**3 - 4*c**2 + 18*c - 13. Let q be s(-8). Suppose 7*p = 300 + q. Let y = p + 35. What is the units digit of y?
2
Suppose -2*j + 135666 = -4*t, j - 68472 + 618 = -t. What is the units digit of j?
7
Let v(r) = -3*r**2 + 14*r - 12. Let w be v(3). Suppose 3*c = w*b + 1167, -11 + 5 = -3*b. What is the tens digit of c?
9
Let l(n) = -302*n + 79. Let j be l(-4). Let b = j + -521. What is the tens digit of b?
6
Let x(v) be the first derivative of -14*v**2 - 68*v - 16. What is the units digit of x(-10)?
2
Suppose -207*k - 3 = -210*k. Let a be 12/66 - (-40)/22. Let v = a - k. What is the units digit of v?
1
Let h(u) = 51*u**2 + 3*u + 5. Let p be h(-4). Suppose -j = -3*g + 1203, -g - g + p = -3*j. What is the tens digit of g?
0
Let o = 36368 + -17537. What is the ten thousands digit of o?
1
Suppose -5*g = 3*l - 9 - 25, -4*l = 4*g - 32. Suppose g*d = 3097 - 212. What is the hundreds digit of d?
5
Let z be -4*(-42)/12 + -6. Suppose -3*i = -7*w + 9*w - 1156, 0 = 4*w - z. What is the tens digit of i?
8
Let s(n) = 158*n - 88. Let a(t) = -53*t + 29. Let q(v) = 7*a(v) + 2*s(v). What is the units digit of q(-8)?
7
Let v = 77432 - 28264. What is the units digit of v?
8
Let j(c) = 8*c - 3. Let h be j(1). Suppose -2*g = s - h - 5, 3*s + 6 = 3*g. Suppose -6*k + 480 = -s*k. What is the hundreds digit of k?
1
Let v(a) = a**2 + 2*a + 5. Let m be v(-3). Let q be -11*4/m*-2. Suppose -o + 2*l = -10, q - 59 = -2*o - 3*l. What is the units digit of o?
8
Let z = 5415 - -534. Suppose 0 = -15*p + z + 5046. What is the tens digit of p?
3
Let c be 214/14 + (-60)/210. Suppose 0 = 5*g + h - 195, 0 = 9*h - 12*h + c. What is the tens digit of g?
3
Let g(w) = -3*w + 18. Let u be g(-17). Let j = 450 - u. What is the units digit of j?
1
Suppose 4*h - 2*k - 16742 = 14032, 0 = 5*h - k - 38466. What is the units digit of h?
3
Suppose -10*k + 696 = 116. Let w = 140 - k. Let x = w + -37. What is the tens digit of x?
4
Suppose -4*q - 3*p + 7*p + 3184 = 0, -1604 = -2*q - 4*p. Let x = q + -421. What is the units digit of x?
7
Suppose 173*x - 351*x = -175*x - 14283. What is the thousands digit of x?
4
Suppose -18 = -2*x - 10, 5*x = 2*i + 14. Let z(a) = 9*a**3 - 2*a**2 - 9*a + 9. What is the units digit of z(i)?
7
Suppose 0 = -5*g + 5*j - 2190, 0 = -5*g + 3*j - 1745 - 435. What is the units digit of (-1)/(2166/g - -5)?
3
Let g = 40541 - 18485. What is the ten thousands digit of g?
2
Suppose 1371*o - 1340*o = 385826. What is the tens digit of o?
4
Suppose 9*b - 10*b + 10 = 0. Suppose -d - 3*j = -6*j - 2, -d - j + b = 0. Suppose d*f - 21 = 595. What is the units digit of f?
7
Let n be (-2)/4 - 3/((-36)/174). Let h(o) = -2*o**3 + 29*o**2 - 14*o - 6. Let m be h(n). Let q(g) = g**3 + 11*g**2 + 11*g + 13. What is the units digit of q(m)?
7
Let x(i) = 2*i**3 - i**2 + 15*i + 39. Let o be x(-9). What is the tens digit of (-18)/21*(-3 + o)?
0
Let n(s) = s**3 - 16*s**2 - 22*s + 120. Let d be n(17). Suppose -d*b + 56*b - 18627 = 0. What is the hundreds digit of b?
8
Let z(a) = 2*a**3 + 44*a**2 - 48*a - 32. Let m be z(-23). Let s(r) = r**2 - 2*r + 2. Let i be s(2). Suppose i*c - m*c = -2148. What is the units digit of c?
9
Let a = 8 + 24. Suppose -a*k = -33*k + 316. What is the units digit of k?
6
Let m(y) = 1401*y**3 - 9*y**2 + 15*y + 17. Let j(g) = 701*g**3 - 4*g**2 + 7*g + 8. Let x(n) = -5*j(n) + 2*m(n). What is the units digit of x(-1)?
4
Let d = 4181 - 3638. What is the units digit of d?
3
Let w(d) = -3 + 581*d - 1127*d - 3. What is the hundreds digit of w(-1)?
5
Suppose -5*s = 2*y + y - 22, 2*y = -3*s + 13. What is the tens digit of ((-5)/(-10))/(4356/(-4360) - y)?
4
Suppose -16996 = 6*z - 8*z + 4*t, -3*z = -5*t - 25493. What is the tens digit of z?
9
Let w(r) = 597*r + 3340. What is the ten thousands digit of w(12)?
1
Let t(n) = -2*n**3 - 6*n**2 - n + 5. Let a = 109 + -115. What is the tens digit of t(a)?
2
Let i = -58 - 77. What is the units digit of i/(0 + (-12)/40)?
0
Let k(i) = -i**2 + 21*i + 16. Suppose 0 = 4*l - 125 - 123. Suppose -5*j + 18 = -l. What is the tens digit of k(j)?
9
Suppose 0 = -28*l + 428 + 104. Let k(j) = j**2 + 17*j - 22. Let v(n) = -3*n**2 - 33*n + 43. Let m(y) = -5*k(y) - 2*v(y). What is the units digit of m(l)?
4
Let y be -108*5/(-55) + (-4)/(-22). Suppose 3*l - 16 = -y. Let a(g) = 49*g + 7. What is the tens digit of a(l)?
0
Let l(a) = 4*a**2 + 3*a - 15. Let k(h) = -23*h - 32. Let o be k(-4). Suppose -8*n - 12 = -o. What is the tens digit of l(n)?
4
Let l = 96 + -99. Let a be 7 + -5 + l + 2/(-2). What is the units digit of (-2 - -1) + (234 - a)?
5
Let r = -135 - -33. Let d be -26 + 25 + -1 + -214. Let k = r - d. What is the tens digit of k?
1
Let o(c) = 513*c + 156. What is the tens digit of o(10)?
8
Let j = -5627 + 16206. What is the units digit of j?
9
Let j be -2 + (2 - -2)/2. Let w(g) = j*g**3 + 4*g - 167 + 165 + 6*g**2 + g**3. What is the units digit of w(-5)?
3
Let f = 185 + -180. Suppose -511 = f*z - 2*i - 3688, -4*